ivisor of g and p?
9
Let w be ((-14)/8)/((-16)/768). What is the highest common factor of 21 and w?
21
Let d be (36/(-24))/((-21)/70). Let i be 2/4 + 38/4. What is the greatest common divisor of i and d?
5
Let t = 50 + -46. Let f be (-6)/t - 84/(-8). What is the greatest common factor of f and 9?
9
Let l be (-6)/(-21) - 122/(-14). Let d = 68 + -145. Let b = d + 149. Calculate the greatest common factor of b and l.
9
Let z = 500 - 1084. Let m be z/14 + 6/(-21). Let s be ((-8)/(-6))/((-7)/m). Calculate the highest common factor of s and 1.
1
Suppose 169*o = 172*o - 45. Suppose -a - 4 = 4*m + 5, 2*m = -4*a - 22. Let w = a + o. What is the greatest common divisor of w and 2?
2
Let t = 5 + 3. What is the greatest common divisor of 64 and t?
8
Let k = -1187 + 1798. Calculate the greatest common factor of k and 13.
13
Let g = 2 - -66. Let o = g + -52. Calculate the greatest common factor of 32 and o.
16
Let a = -71 - -164. What is the greatest common factor of 744 and a?
93
Let q be ((-5)/10)/((7/(-442))/7). Calculate the greatest common divisor of q and 102.
17
Let d = -35 - -71. Let n be (171/d)/((-1)/4). Let y = n + 41. Calculate the greatest common factor of 33 and y.
11
Let g be 2*7*(66/(-4) - -7). Let x be g*(8/(-14))/2. Calculate the highest common divisor of 342 and x.
38
Suppose -k - 4*k + 40 = 0. Let a be (k/10)/1*-20. Let y be ((-63)/(-12))/((-6)/a). What is the highest common factor of y and 98?
14
Suppose 21 = 2*j + v, -2*j + 2*v + 32 - 2 = 0. Let o = -55 + 51. Let y be (75/(-132) - o/(-22))*-24. What is the greatest common divisor of j and y?
6
Let d(p) = p**3 + 7*p**2 + 7*p + 5. Let w be 54/(-10) + 2/5. Let j be d(w). Let h be (-1)/(((-9)/6 - -1)/10). Calculate the greatest common factor of j and h.
20
Let y(i) = 5*i**3 + i**2 - 3*i - 3. Let r be y(-1). Let k be r/18 - (3 - 382/18). What is the greatest common divisor of 90 and k?
18
Let d be ((-4)/(-6))/(4/90) - 4. Let t = -9 + d. Let f(c) = -17*c - 1. Let m be f(-1). Calculate the greatest common divisor of m and t.
2
Let s(d) = -d**3 + 6*d**2 + 4*d - 13. Let l be s(6). Calculate the greatest common divisor of l and 22.
11
Let s(l) = -11*l - 32. Let m be s(-8). What is the highest common divisor of 48 and m?
8
Let j be 5072/(-18) + (-3 - (-50)/18). Let s = -201 - j. Let f(l) = l**3 - 3*l**2 - 5*l + 2. Let z be f(5). What is the highest common factor of z and s?
27
Let d be 4 + 7/((-7)/(-918)). Let k be d/18 - (2 + 32/(-18)). What is the highest common factor of 68 and k?
17
Let l = 152 - -7. Suppose 33 = -3*d + l. Let w = -36 - -50. Calculate the greatest common factor of d and w.
14
Let o be ((-4551)/205)/37*(0 + -100). Let q = 56 + -36. Calculate the highest common divisor of q and o.
20
Let o(m) = m**3 + 5*m**2 - 2*m + 5. Let f be o(-5). Suppose 2*a - f = 3. Let y = 18 - a. What is the greatest common divisor of y and 27?
9
Let j be 2/9 + 6/(-27) + 7. Suppose -j*s + 17 + 18 = 0. What is the greatest common divisor of s and 35?
5
Suppose 2*u + 84*f - 46 = 85*f, 6 = 3*f. Calculate the highest common divisor of u and 48.
24
Let t(c) = -6*c - 12. Let k = -28 - -25. Let q be t(k). Let v = -39 + 69. What is the greatest common divisor of q and v?
6
Let a be 2 - (-2 + -3 + 4). Let o(s) = -s**2 - 16*s - 1. Let u be o(-14). What is the highest common factor of u and a?
3
Suppose 4*k - 1 = -s + 2, -s = 5*k - 4. Suppose o - k - 2 = 0. Let f(q) = 2*q - 2. Let v be f(o). What is the highest common divisor of v and 2?
2
Let b be (-95)/20 + (-4)/16. Let k be (-6 - b)/(1/(-70)). Calculate the highest common divisor of 175 and k.
35
Suppose 0 = 2*j - 0*n + 2*n + 16, 0 = 4*j + 2*n + 42. Let d = -6 - j. Calculate the greatest common factor of 56 and d.
7
Let w(b) = 2*b**3 - 5*b**2 + 2*b + 3. Let m be w(3). Suppose -8*c - 495 = -19*c. What is the greatest common factor of c and m?
9
Let c = 342 + -186. What is the greatest common factor of c and 12?
12
Suppose -4*s + 2*x = -404, -5*s + x = 2*x - 498. Calculate the greatest common divisor of s and 180.
20
Let z be (-1*(8 + -1))/(-1). Let d(p) = -290*p - 3714. Let a be d(-13). Calculate the highest common factor of a and z.
7
Let c(s) = s**3 + 2*s**2 - s - 2. Let f be c(-2). Suppose f = 2*b - 49 + 1. Calculate the highest common factor of 12 and b.
12
Let t be (-10)/(-3) + (-5 - (-119)/21). Suppose 2*a - 5*d + 23 = 0, 5*a - t*d + 0*d = -15. Calculate the greatest common divisor of a and 11.
1
Suppose -4*c + 1379 = -1065. Calculate the greatest common factor of c and 13.
13
Let n be ((-36)/(-3))/(6/(-16)). Let k = n + 34. Calculate the highest common factor of 2 and k.
2
Let h(y) = -y**3 - y**2 + y + 60. Let m be h(0). What is the highest common factor of 160 and m?
20
Let u = 38 - -58. Suppose 5*a = -5*q + 55, -a + 5*q + 14 = 3*q. Calculate the greatest common factor of u and a.
12
Let o = -138 + 166. Calculate the greatest common divisor of o and 70.
14
Let p(y) = -4*y - 6. Let c be p(-4). Let b(k) = -k**3 - 4*k. Let g be b(-3). Let v = g - 24. Calculate the highest common divisor of v and c.
5
Let u(h) = -25*h - 7. Let k be u(-3). Suppose 2*s = 3*g + 40, 3*g = s + 3*s - k. Calculate the highest common divisor of s and 42.
14
Let t = 46 + -33. Suppose 0 = t*h - 3*h - 1960. What is the highest common factor of 28 and h?
28
Let p = -196 - -212. Calculate the greatest common factor of p and 88.
8
Let c = 9 - 12. Let w(m) = -4*m - 11. Let i be w(c). Calculate the greatest common divisor of i and 7.
1
Suppose 0 = -3*t - 3*u + 195, 5*u - 15 = 2*u. Suppose -5*h - t = -5. Let y(g) = -6*g - 22. Let z be y(h). Calculate the greatest common factor of z and 4.
4
Suppose 2*b - 52 = 3*u - 17, 4*u = -4*b + 20. Suppose p + 20 = 2*l, -3*p + 22 + 18 = 4*l. What is the greatest common divisor of l and b?
10
Let k = -95 - -111. Suppose 5*t + k = 41. What is the greatest common factor of t and 55?
5
Let o(p) = 4*p**2 - 50*p - 15. Let d be o(13). What is the highest common factor of d and 99?
11
Let c = -54 + 53. Let l be (c + 76/10)/(3/45). What is the highest common divisor of l and 33?
33
Suppose 3*k - c - 282 - 93 = 0, -4*c = 4*k - 516. Suppose 8*z = 5*z + k. Calculate the greatest common divisor of 6 and z.
6
Suppose a - 63 = -3*y + 5*a, -2*y = -5*a - 42. Let f = y + -13. Calculate the highest common factor of 40 and f.
8
Let n = -43 - -43. Suppose -3*u + 277 = -v - n*v, -4*u = -3*v - 366. Calculate the greatest common divisor of 31 and u.
31
Let i = -1753 - -1913. What is the highest common factor of 260 and i?
20
Let n(m) = -m + 25. Let h = -9 + 9. Let w be n(h). Suppose 0 = -0*c + 2*c + g - w, 3*g + 15 = 3*c. Calculate the highest common factor of c and 90.
10
Let r = -765 + 780. Suppose 0 = 4*o + n - 1, 3*o + 5*n = -4 - 8. Let x(d) = 166*d**2 - d. Let q be x(o). What is the highest common factor of q and r?
15
Suppose -7*d + 13990 = 1523. What is the highest common divisor of 26 and d?
13
Let v = 294 - 243. Calculate the greatest common factor of 153 and v.
51
Let t(r) = 4*r**2 - 10*r**2 + 7*r**2 - 5 + r. Let v be t(10). What is the highest common factor of v and 42?
21
Let o = -15 - -25. Suppose -o = 10*b - 12*b. Suppose -b*z = 339 - 829. Calculate the greatest common factor of 14 and z.
14
Suppose -7*j + 3 = -25. Let o be (-1*2)/(1/(-6)). What is the highest common factor of j and o?
4
Let m(z) = -z + 12. Let q be m(7). Suppose 0*d + q*a = d - 31, 2*a = -5*d + 182. Calculate the greatest common factor of 4 and d.
4
Let b(z) = z**2 - 10*z - 18. Let g = 38 + -26. Let y be b(g). What is the greatest common divisor of y and 66?
6
Let l be 566/5 + ((-224)/40)/(-7). Calculate the highest common divisor of l and 6.
6
Suppose -4*r = z - 62, -3*z + 0*r + 186 = -2*r. What is the greatest common factor of 31 and z?
31
Suppose 5*v + 20 = -5*s, -s + 9 = -2*s - 2*v. Suppose z + 6 = -s. Let o be z*(8/(-14))/2. Calculate the highest common divisor of 5 and o.
1
Suppose 0 = -5*u + 20, -5 = 2*d + u + 3. Let a(c) = -c**3 - 5*c**2 + 3*c - 7. Let b be a(d). What is the highest common factor of b and 88?
11
Let y(a) = 10*a - 19. Let r be y(4). What is the greatest common divisor of 525 and r?
21
Let k(g) = g - 1. Let l be k(-1). Let y be l*(-52)/(-6)*-3. What is the greatest common divisor of y and 130?
26
Suppose 5*g + 125 + 125 = 0. Let t be (-108)/8*g/3. Let a = 241 + -216. C